3. Let a be z(3). Give p(a).
-5
Suppose -6 - 9 = -5*o. Let c = o + 0. Let y(m) = -m**2 + 2*m + 1. Give y(c).
-2
Let s(k) be the third derivative of -k**4/24 - 7*k**3/6 - 3*k**2. What is s(-5)?
-2
Let v(h) = 14*h - 17. Let p(g) = -5*g + 6. Let x(y) = -17*p(y) - 6*v(y). Let d(t) = t**2 - 5*t - 1. Let r(a) = d(a) + 5*x(a). Suppose -n = -6*n. Determine r(n).
-1
Let t be 14/(-6) + (-2)/3. Let g be (t + 1)/((-1)/1). Let y(k) = g*k + 0 - k - 1. Give y(5).
4
Suppose 3*b - 2*b - 1 = 0. Let m(j) = b + 4*j**2 + 1 - j**2 - j - 2*j**2. Determine m(0).
2
Let t(b) = b + 2*b + 12 - 2*b. Let q be (2/4)/((-1)/10). Determine t(q).
7
Let l(t) = -14*t**2 - 1. Let j = -14 + 18. Suppose -7*m = -3*m + j. What is l(m)?
-15
Suppose -2*c - 7 = 5*f + 5, 3*f = -2*c - 4. Let v be ((-2)/2)/(f/16). Let y(t) = -2*t + 6. Calculate y(v).
-2
Let c be (51/(-12) + 4)*(0 + 4). Let n(o) = 17*o**3 + o**2 + o. Calculate n(c).
-17
Let q(n) = -9*n + n**2 + 2*n + 7 + n - 2. What is q(6)?
5
Let z(y) = -y - 1. Suppose -11*m = -15*m - 16. Determine z(m).
3
Let z(g) be the third derivative of -g**4/24 - 5*g**3/3 - g**2. Let x(r) = -r - 11. Let a(v) = 5*x(v) - 6*z(v). What is a(-3)?
2
Suppose 2*c - 7 = -1. Let q(p) = -3*p**3 - c + 6 + 4*p**3 + p + 3*p**2. Calculate q(-3).
0
Let w(h) be the third derivative of 1/3*h**3 + 1/24*h**4 - 1/15*h**5 + 0*h + 0 + 9*h**2 - 1/120*h**6. Give w(-4).
-2
Let d(g) = -g**2 - g + 1. Let c be d(1). Let x(s) = 6*s**2 + 1. Determine x(c).
7
Let a(y) = 2. Let l(x) = x - 1. Let j(q) = a(q) + 2*l(q). Let w(k) = -2*k. Let h(p) = 5*j(p) + 6*w(p). Calculate h(-3).
6
Let c(g) be the third derivative of g**4/6 + g**3/2 + 24*g**2. What is c(5)?
23
Let j(k) = -k + 3. Let m(y) = y**3 - y**2 - y. Let u be m(0). Suppose a - 4 = -u. Calculate j(a).
-1
Let n(r) = -4*r + 2. Let f be n(-3). Let z be (-32)/f - 6/(-21). Let o be -1*2 - (-4 - z). Let k(h) = -h - 8. Determine k(o).
-8
Let c = 11 + -6. Suppose 3*l - 2*t + 3 = -20, 5*l - c*t + 45 = 0. Let n(a) be the second derivative of -a**3/6 - 2*a**2 - 3*a. Calculate n(l).
1
Let s(a) = -6*a**2 + 5*a + 15. Let t(h) = -4*h**2 + 16 - h - 3*h**2 + 7*h. Let c(y) = 6*s(y) - 5*t(y). Calculate c(0).
10
Let p be (3 - -2)*6/5. Suppose p = -3*b - 6. Let f(r) = -r**2 - 3*r. Give f(b).
-4
Let c(i) = 0*i + i**2 + 8 + 2 - 6*i - 2*i. Let r be c(7). Let t(w) = -w**3 + 2*w**2 + 3*w + 3. Determine t(r).
3
Let p(x) = -x**3 + 7*x**2 - x. Suppose 4*j - 16 = 4*k, -2*j + 4*j - 5 = 3*k. Calculate p(j).
-7
Let h(q) be the first derivative of q**3/3 - q**2/2 - 3*q - 8. Let o be ((-3)/(-2))/((-1)/(-6)). Suppose 0 = 3*l, 0*l = -3*w + 3*l - o. Calculate h(w).
9
Suppose 0 = a + 3*a. Let b = 10 + -12. Let f be (1 - (b + 4)) + a. Let s(g) = -2*g**3 - g**2 - g. Determine s(f).
2
Let z(m) be the second derivative of m**4/12 - m**3/3 - 7*m**2/2 - 13*m. Determine z(5).
8
Let t(i) = -i**2 - 8*i - 7. Let j be t(-7). Suppose 3*w - 5*m + 21 = 0, -4*w + j*w = -5*m + 23. Let d(k) = 2*k**2 + 4*k + 2. Calculate d(w).
2
Suppose -k + 0 = 6. Let c(w) be the second derivative of 0 - 3*w**2 + 3*w - 1/12*w**4 - w**3. Determine c(k).
-6
Let j(c) = -c - 3. Let u = 53 - 60. Give j(u).
4
Let g be -1*3*(-4)/(-3). Let q(z) = -3*z + 9. Let n(v) = -4*v + 10. Let h(f) = 4*n(f) - 5*q(f). What is h(g)?
-1
Let z(f) = f**3 - 4*f**2 - 2*f + 2. Let p = -1 + 5. Suppose 2*k - p*k + y + 13 = 0, -3*k + y + 17 = 0. What is z(k)?
-6
Let g = -4 + 6. Suppose -4*j + 8 = -g*v, 5*v + j - 17 + 4 = 0. Let o(h) = 2*h - 7*h + 4*h + 1 - h**v. Determine o(1).
-1
Let q = -14 - -13. Let o(d) = 13*d**2 + d. Calculate o(q).
12
Let a = 6 + -4. Let p(c) = -2 + 0 + c + c**a + 0. Calculate p(0).
-2
Suppose 0 = 2*v + r - 2, 5*r - 3 = -v - 2. Let a(z) = z**2. What is a(v)?
1
Let m = 6 - 2. Let a(u) = -3*u + 3*u + 6*u - u**2 + 5 - 2*u. What is a(m)?
5
Let a(j) = j + 1. Let n be 0/(3/3) - -2. Suppose 1 - 9 = -n*z. Give a(z).
5
Let o(s) = s - 5. Suppose 0 = -2*v + 8, -4*v + 8 + 2 = -2*q. Suppose q = 5*j - 7. Let f be (j/5)/(6/60). Determine o(f).
-1
Let a(b) be the third derivative of -b**6/120 - b**5/15 + b**4/8 - 5*b**3/6 - 6*b**2. Give a(-5).
5
Let n(x) = 2*x - 13. Let b be n(6). Let v(y) = -22*y + 1. Calculate v(b).
23
Suppose 0 = 4*x + p - 6*p - 3, x - p - 1 = 0. Let u(l) = -2*l**3 + 4*l**2 - 2*l - 1. What is u(x)?
-5
Let d(s) = s**3 + 7*s**2 - 8*s - 6. Let o be d(-8). Let h(c) = c**2 + 6*c + 3. Determine h(o).
3
Suppose t = 4*a + 16, -3*a + 2 = -t + 14. Suppose -3 + t = s. Let p(v) = 147*v**2 - 79*v**2 + 3 - 3*v - v**3 - 72*v**2. Give p(s).
3
Let g(n) = -n**3 - 8*n**2 - 5*n - 1. Let t be (-7)/((-1)/2 + (-15)/(-10)). Give g(t).
-15
Let x(h) = h**3 - 8*h**2 + 7*h. Let t(r) = -r**2 + 2*r + 7. Let u be t(0). What is x(u)?
0
Let i(l) be the first derivative of l**3/3 - l**2 - 2*l - 1. Let g(n) = -n**3 + n + 3. Let s be g(0). Give i(s).
1
Let n(s) = s + 1. Let t(b) = b**2 - 9*b - 6. Let a be t(7). Let w = a - -22. What is n(w)?
3
Let t = 12 - 7. Let j(n) = -t*n - 3*n + 1 + 3*n. Calculate j(1).
-4
Let t = 3 - 1. Let z(a) = 3*a + 1. Determine z(t).
7
Let s(n) = -n**2 + 6. Let f(h) = 2*h. Let u be f(1). Suppose u*r + 0 = -4. Let v be (-8)/(-28) + r/7. What is s(v)?
6
Let p(y) = 6*y - 6. Let l(i) = -7*i + 6. Let c(x) = -5*l(x) - 6*p(x). Calculate c(0).
6
Let o(d) = -6*d**2 + 10*d + 15. Let l(w) = -w**2 + w + 1. Let q(f) = 5*l(f) - o(f). Give q(7).
4
Let p(m) = -2 - 4 + 1 - 4 + m. Give p(0).
-9
Let t(u) be the third derivative of -1/12*u**4 - 1/2*u**3 + u**2 + 0 + 0*u. Suppose -4*z + 3 + 1 = 0, 16 = -3*w + z. What is t(w)?
7
Let y(g) be the first derivative of 1/2*g**2 - 1 + 7*g. What is y(-4)?
3
Let a(d) = 7*d**3 + 9*d**2 + d + 9. Let s(m) = 20*m**3 + 26*m**2 + 3*m + 26. Let k(x) = 17*a(x) - 6*s(x). Give k(-3).
0
Suppose 3*p = -5*d + 15 + 11, -2*d = -3*p + 40. Let c(j) = -j + 15. Determine c(p).
3
Let z be 1/(-1) + 1 + 2. Let m(o) = -z + 3 - 2*o**2 + 2*o + 9*o**2. Suppose 7*y - 6*y = -1. Determine m(y).
6
Suppose -12 = -5*s - 2*w - 2, 0 = -3*s + 3*w + 6. Suppose 4*n - 12 - 8 = -2*x, 0 = s*n - 4. Let c(y) = -y + 4. What is c(x)?
-2
Let r be ((-150)/(-90))/((-2)/(-6)). Let l(w) be the first derivative of -w**3/3 + 3*w**2 + 1. Give l(r).
5
Suppose -g + 3 + 14 = -3*f, -4*g + 4*f + 36 = 0. Let y(o) = -o**2 + 4*o - 1. Calculate y(g).
-6
Let w(i) = -5*i - 35. Let c be w(-6). Let x(d) = 6*d + 5. Give x(c).
-25
Let n be 9/(-6)*5/(-45). Let p(c) be the third derivative of -1/3*c**3 - 1/15*c**5 + n*c**4 + 0*c + 0 + 2*c**2 + 1/120*c**6. Give p(3).
1
Let h(d) be the second derivative of -d**3/3 + 5*d**2/2 - 2*d + 5. Give h(7).
-9
Suppose 0*k + 15 = -3*k. Let a = 8 + k. Let y(o) = -o**2 - 4*o + o - a*o + 3. Calculate y(-5).
8
Let u(w) = -w. Let a(g) = 5 - 8 - g - 6*g. Let n(l) = a(l) - 3*u(l). Calculate n(-2).
5
Let q(j) = j**2 + 5*j - 4. Let l be q(-5). Let c(o) = -15 - 6*o - o**2 + 5 + 7. What is c(l)?
5
Let m(h) = h + 6. Let x be m(0). Let y(c) = -c**2 - c - 1. Let u(i) = -8*i**2 + 0*i + 11*i**2 + 3 - 4*i + 0*i. Let r(d) = u(d) + 2*y(d). Determine r(x).
1
Let v(l) = 9*l - 10*l + 4*l. Let o(b) = -b - 4. Let d be o(-6). Give v(d).
6
Let x(h) = h**3 + 3*h**2 - 2*h. Let k(a) = a**2 + 2*a - 5. Let z be k(-4). Suppose 1 = -j - z. What is x(j)?
-8
Let d(q) = 15*q - 23. Let z(p) = 7*p - 11. Let s(y) = 6*d(y) - 13*z(y). What is s(4)?
1
Let m(k) = 15*k + 30. Let s(q) = -3*q - 6. Let p(z) = -4*m(z) - 21*s(z). Give p(-4).
-6
Let y(z) = 4*z - 22. Let i be y(8). Let f(b) = b**2 - 9*b - 13. Give f(i).
-3
Let o be (-50)/(-12)*3*-6. Let n be ((-4)/(-10))/(5/o). Let w(m) = m**3 + 5*m**2 - 7*m - 1. Give w(n).
5
Let f(z) = 2*z + 17 - 17. What is f(-5)?
-10
Let l(f) = 11*f + 29. Let g(w) = 5*w + 14. Let r(c) = 9*g(c) - 4*l(c). Calculate r(-6).
4
Let b(i) be the third derivative of 2*i**4/3 + i**3/6 + 2*i**2. Determine b(-1).
-15
Let u(f) = -f**2 - 5 + 6*f + 0*f - 2*f. Suppose a = -0*a + 4*t - 32, -5*t = 5*a + 35. Let q be 1/(a/(-10) - 1). What is u(q)?
-10
Suppose -2 = 4*i - 14, -3*g = 5*i - 24. Let j(d) = -d**3 + 4*d**2 + 33 + 35 - 102 + 37 - 2*d. Calculate j(g).
6
Let l = 3 + -12. Let n = l - -7. Let a(m) = -2*m - 1. Determine a(n).
3
Suppose 0 = 4*u + 2*t + 6, 1 = 5*u - 10*u + 4*t. Let n(f) = 7*f. Give n(u).
-7
Let y(b) = -b - 2. Let a be y(-6). Let w be 2 + (-1 - -2)*0. Let t(v) = 2*v**2 - 4*v + w*v**2 + 0*v - 3*v**2 + 2. Calculate t(a).
2
Let y = -5 + 